nd y?
8
Let w(h) = -8*h - 47. Let n be w(-6). Calculate the highest common divisor of n and 3.
1
Suppose 0 = -4*f + y + 4*y + 14, 2*f - y = 4. Calculate the greatest common factor of f and 4.
1
Suppose 5*u + 3*s - 573 + 7 = 0, -2*s = 3*u - 340. Let x be (1 + 0)*1 - -15. Calculate the highest common divisor of u and x.
16
Let t = 7 + -15. Let z = -4 - t. Suppose 126 = z*l - l. Calculate the highest common factor of l and 6.
6
Suppose -4*t + 3*v + 255 = -0*v, 0 = v + 1. Let y = -8 + 24. Let c = 23 - y. Calculate the highest common divisor of c and t.
7
Suppose 4*l = 3*l - 2, 0 = 4*b + 3*l + 1462. Let m = 166 + b. Let q be (m/(-8))/((-2)/(-8)). What is the greatest common factor of q and 9?
9
Let v be (-8)/(-3)*546/56. Calculate the highest common factor of v and 13.
13
Suppose -2*z + 197 = 47. Calculate the highest common factor of 15 and z.
15
Let q(d) = d**2 - d + 3. Let j be q(3). Suppose -g - 2*g = -891. Suppose 2*r + g = 5*r. What is the highest common divisor of r and j?
9
Let u(p) = p**2 - 9*p + 22. Let q be u(12). Calculate the greatest common factor of q and 145.
29
Let y be 4/14 - 170/7. Suppose v = -2*b + 50 + 4, -5*v = 5*b - 255. Let l = y + v. What is the highest common divisor of l and 60?
12
Let b be -17 - (-4 + (-2 - -4)). Let j = b + 41. What is the greatest common divisor of j and 13?
13
Let q(b) = b**3 + b**2 - b - 4. Let f be q(0). Let p be (27/f)/(3/(-12)). What is the greatest common factor of 3 and p?
3
Suppose -5*l = -10*l + 70. Calculate the highest common divisor of 35 and l.
7
Let x be 49*1 + (-10)/10. Suppose 2*i - 10 = 5*p, -6*i + i = -p - x. What is the highest common divisor of i and 80?
10
Let d be (3/2)/(-5 - 655/(-130)). Suppose -2 + 4 = l. Suppose -y + 15 = -l*b, -3*b + 5 = y - 5. What is the highest common divisor of d and y?
13
Let q(c) = c**3 + 11*c**2 + 6*c + 3. Let o be q(-9). Let d = o + -39. What is the highest common factor of d and 8?
8
Let m(i) = -i**3 + 5*i**2 + 18*i - 17. Let v be m(7). What is the highest common divisor of v and 352?
11
Let j(g) = g + 31. Let i be j(-25). What is the highest common divisor of i and 30?
6
Let o(l) = 2*l - 3. Let h(g) = -g**3 + 4*g**2 + 2*g - 4. Let q be h(4). Let t be o(q). Calculate the greatest common factor of t and 1.
1
Let q be 56/(-10) + 9/15. Let a = q + 3. Let p be 21*(0 - a/3). Calculate the greatest common factor of 2 and p.
2
Let i(x) = 3*x**2 + 2*x - 5. Suppose 0 = 2*w - 6*w - 16. Let k be i(w). Calculate the highest common factor of 14 and k.
7
Let u = -10 + 15. Suppose -3*z = u*w - 363, -3*w - 2*w = -4*z - 391. Calculate the greatest common divisor of w and 15.
15
Let x(b) = b**3 - 9*b**2 + 9*b - 7. Let w be x(8). Calculate the greatest common factor of w and 10.
1
Suppose 0*s - 3*s + h = -190, 2*h = -2. What is the greatest common divisor of 7 and s?
7
Suppose -2 = -2*l + 4*l. Let c be l + -3 + 16 + -1. Suppose 0 = -5*w + 3*w + 176. What is the greatest common factor of c and w?
11
Let r be (0 - -1)/1 + -1. Suppose 5*a + r*a = 10. What is the highest common factor of a and 4?
2
Let h(m) = m**3 - 6*m**2 + 7*m - 2. Let f be h(6). Suppose -q = 3*o - 2, 3*q + 5*o - 30 = -2*q. Calculate the greatest common divisor of f and q.
8
Let x(o) = o**3 + 18*o**2 - 5*o + 18. Let z be x(-18). What is the greatest common factor of z and 54?
54
Suppose -3*c - 10 = -4*c + 2*x, -3*c + 18 = -3*x. What is the greatest common factor of c and 18?
2
Let b(m) = -2*m**3 - 4*m**2 + 4*m + 12. Let g be b(-4). What is the highest common divisor of 40 and g?
20
Suppose -3*c + 0*c = -9. Suppose 0 = 2*a - c - 11. Calculate the highest common factor of 56 and a.
7
Let g be (253/2)/((-5)/10). Let a = -173 - g. Suppose 5*c = 2*p + p + 68, -4*c = 4*p - a. Calculate the highest common divisor of 128 and c.
16
Suppose -3*d + 6*r - 7*r + 3 = 0, -5*d + 1 = 3*r. What is the highest common divisor of 8 and d?
2
Suppose -4*j + 3*k = -141, -5*k + 57 - 6 = 2*j. Suppose -5*v = -q - 12, 7 = 4*v + 2*q - 11. Calculate the greatest common divisor of j and v.
3
Suppose n = 3, -3 - 6 = -2*t - n. Suppose 3 + 1 = 2*c, 3*c + 22 = 2*k. Suppose 4 = 2*u - k. Calculate the highest common factor of u and t.
3
Let n be (-22)/(((-4)/10)/1). What is the highest common factor of 22 and n?
11
Let j = -62 + 76. Calculate the greatest common factor of j and 7.
7
Suppose -2*z - 45 + 213 = 0. Suppose 0*j - 4*j + 12 = 0. Suppose j*b - 12 = 2*b. What is the greatest common divisor of b and z?
12
Let t(c) = 2*c**3 - 6*c**2 - c + 4. Let n be t(4). Let v = 190 - 103. Suppose -7 = 5*l - v. What is the greatest common divisor of l and n?
16
Suppose g + 3 + 5 = 0. Let q = g + 12. Suppose 0 = -5*d - 0*y - y + q, 5*y = -5. What is the greatest common factor of 2 and d?
1
Suppose -5*a - 5*c + 140 = 0, 5*c - 92 = 10*a - 13*a. What is the highest common divisor of 168 and a?
24
Let v be 22/2*(5 - 4). Suppose 5*g - 33 = 2*g. Calculate the greatest common factor of v and g.
11
Suppose j = 3*j - 76. Let u = -104 + j. Let t be (28/21)/((-4)/u). What is the greatest common factor of t and 44?
22
Let x = -11 + 15. Let b(m) = m + 7. Let k(w) = w**3 + w**2 + 1. Let y be k(-2). Let a be b(y). What is the greatest common factor of x and a?
4
Suppose -2*d = -6*d + 4. Suppose -a + 0 = -q - d, 14 = q + 4*a. Suppose 0 = -0*c - q*c + 4. Calculate the highest common divisor of 12 and c.
2
Let k = -41 - -70. Calculate the greatest common divisor of 203 and k.
29
Let w = 5 + 0. Suppose 0 = 5*m + w*s - 620, -4*m + 3*s + 291 + 219 = 0. Suppose -19 = -4*a + 37. What is the highest common factor of a and m?
14
Suppose -55 = 5*k + 100. Let g = k - -71. Calculate the greatest common divisor of g and 10.
10
Suppose -5*l + 0*l - 4*u + 79 = 0, l - 3*u - 12 = 0. Calculate the highest common factor of 15 and l.
15
Suppose 2*g - 4 = -2*v - 2, 2*v - 4*g - 8 = 0. Suppose -v = -5*r + 208. Suppose 4*d = -5*d + 126. What is the highest common divisor of d and r?
14
Let b be (-58)/(-7) + (-4)/14. Let u be (-6)/3 + 0 + b. What is the greatest common divisor of 48 and u?
6
Suppose 4*o = -5*k + 2103 - 590, k + 4*o = 309. Calculate the highest common factor of k and 43.
43
Let p be (8/(-2))/(2/(-40)). Let t(j) = -j + 1. Let d be t(1). Suppose k - 15 = -d*k - r, -r = 1. What is the highest common divisor of k and p?
16
Suppose 0*m - 12 = -m. Suppose 0 = 4*s - 5*q - 37, 3*q + 8 = -s - 4. Calculate the highest common divisor of s and m.
3
Let a = -265 - -273. Let i = 85 - 45. What is the greatest common factor of i and a?
8
Suppose -3*v = 2*p - 30, -5*p + 33 = 6*v - 2*v. Calculate the greatest common divisor of v and 3.
3
Let r(h) be the first derivative of 2 + 10/3*h**3 + 1/4*h**4 + 5*h + 3*h**2. Let u be r(-7). Calculate the greatest common factor of u and 10.
10
Let w be (-4)/18 - (-238)/18. What is the greatest common divisor of 39 and w?
13
Suppose -8 = 4*o - 24. Suppose 0 = 5*m + 10, 3*m = o*i + 2*m - 58. What is the greatest common divisor of 14 and i?
14
Suppose -4*f = 2*b - 232, 2*f + 0*b - b = 124. Calculate the greatest common factor of f and 12.
12
Let c(n) = n**3 + 8*n**2 + 6*n - 2. Let y be c(-7). Suppose -4*h + 5*h - y = 0. Let r = 13 - -2. What is the highest common divisor of r and h?
5
Let k be (-25)/2*(-7 - 11). Calculate the greatest common factor of 90 and k.
45
Suppose -f + 3*f - 16 = 0. Suppose 0*v = v + 2, 347 = 5*g - v. Let z = 157 - g. Calculate the highest common factor of f and z.
8
Let l(p) = -p**3 - 8*p**2 - 7*p + 5. Let h be l(-7). Let t = 34 + 21. What is the highest common divisor of t and h?
5
Let a(w) = 44*w**3 + 3*w**2 + 2. Let l(q) = 22*q**3 + q**2 + 1. Let i(k) = -2*a(k) + 5*l(k). Let j be i(1). What is the greatest common factor of j and 88?
22
Let t = -2 - -16. What is the greatest common divisor of t and 28?
14
Let q be 0 - (-3 + 7)*-1. Let z = -3 - -1. Let x be z/(-3) + (-16)/(-3). What is the greatest common factor of q and x?
2
Let w be 4/3*45/30. Suppose w*v - 3*v = -10. What is the highest common divisor of 10 and v?
10
Let x be (7/14)/(-1*(-3)/504). What is the greatest common factor of x and 7?
7
Suppose 18 = j + 13. Calculate the highest common divisor of 1 and j.
1
Let g = -6 + 7. Let u(b) = 14*b**2 + 3*b - 2. Let i be u(g). What is the greatest common factor of i and 15?
15
Let f(i) = -6*i**2 + 2*i - 1. Let d be f(1). Le